3 a factor of 5?
False
Is 71513 a multiple of 6?
False
Is 118 a factor of 24308?
True
Is 5 a factor of 1737?
False
Is 58 a factor of 8314?
False
Is 645 even?
False
Is 92400 a multiple of 30?
True
Is 914 a multiple of 10?
False
Does 20 divide 280?
True
Is 9 a factor of 24840?
True
Is 15 a factor of 86?
False
Does 4 divide 228?
True
Does 14 divide 140?
True
Is 140 a multiple of 2?
True
Does 7 divide 20?
False
Is 74 a factor of 2928?
False
Does 27 divide 44415?
True
Is 135 a factor of 50760?
True
Is 602 a multiple of 43?
True
Is 20718 a multiple of 38?
False
Is 20 a factor of 202?
False
Does 124 divide 50099?
False
Is 10 a factor of 4754?
False
Is 60619 a multiple of 129?
False
Is 987 a multiple of 21?
True
Is 83 a multiple of 83?
True
Is 112 a multiple of 7?
True
Is 11277 a multiple of 127?
False
Is 1929 a multiple of 6?
False
Is 12569 a multiple of 5?
False
Is 30 a factor of 6385?
False
Does 23 divide 2419?
False
Is 3 a factor of 2817?
True
Is 41580 a multiple of 15?
True
Does 31 divide 988?
False
Is 9 a factor of 3753?
True
Does 91 divide 1274?
True
Does 15 divide 3565?
False
Is 5 a factor of 28000?
True
Is 34 a factor of 3716?
False
Is 271 a multiple of 14?
False
Is 15624 a multiple of 168?
True
Is 787 a multiple of 14?
False
Is 11 a factor of 356?
False
Does 60 divide 480?
True
Is 99 a factor of 9406?
False
Is 3 a factor of 620?
False
Does 41 divide 5528?
False
Does 21 divide 576?
False
Is 171 a factor of 22230?
True
Does 7 divide 3093?
False
Is 14 a factor of 969?
False
Is 93 a factor of 35340?
True
Is 8739 a multiple of 15?
False
Is 3200 a multiple of 43?
False
Is 20 a factor of 4540?
True
Is 126 a factor of 16638?
False
Is 4 a factor of 146?
False
Does 4 divide 123?
False
Is 329 a multiple of 47?
True
Is 8 a factor of 480?
True
Is 41 a factor of 14018?
False
Does 13 divide 754?
True
Does 29 divide 1015?
True
Does 2 divide 914?
True
Does 19 divide 2223?
True
Is 32275 a multiple of 117?
False
Does 12 divide 3599?
False
Does 8 divide 67474?
False
Is 121 a factor of 180963?
False
Is 104 a factor of 5398?
False
Does 130 divide 53910?
False
Is 5 a factor of 535?
True
Is 120 a factor of 4560?
True
Does 21 divide 44730?
True
Does 48 divide 1152?
True
Is 1184 a multiple of 32?
True
Does 33 divide 643?
False
Is 508 a multiple of 46?
False
Is 156 a multiple of 12?
True
Is 13 a factor of 3094?
True
Is 7 a factor of 2164?
False
Is 28 a factor of 72612?
False
Is 996 a multiple of 12?
True
Does 42 divide 1454?
False
Does 21 divide 3948?
True
Is 21 a factor of 41307?
True
Is 1242 a multiple of 9?
True
Is 48 a factor of 354?
False
Is 2239 a multiple of 7?
False
Is 35970 a multiple of 30?
True
Is 23 a factor of 40728?
False
Does 13 divide 14768?
True
Is 65 a factor of 21761?
False
Is 20 a factor of 6060?
True
Does 35 divide 210?
True
Is 1623 a multiple of 14?
False
Is 9684 a multiple of 269?
True
Is 29 a multiple of 29?
True
Does 6 divide 2266?
False
Is 69 a multiple of 23?
True
Is 13 a factor of 2405?
True
Does 2 divide 65?
False
Is 544 a factor of 144806?
False
Is 2381 a multiple of 97?
False
Is 2 a factor of 109?
False
Does 27 divide 2183?
False
Does 8 divide 12168?
True
Does 7 divide 217?
True
Does 7 divide 287?
True
Is 15 a factor of 6292?
False
Is 385 a multiple of 77?
True
Does 54 divide 16632?
True
Is 148 a multiple of 2?
True
Does 84 divide 72375?
False
Is 40800 a multiple of 300?
True
Is 88 a multiple of 22?
True
Is 2668 a multiple of 58?
True
Is 8368 a multiple of 40?
False
Is 107 a factor of 443?
False
Does 10 divide 520?
True
Does 5 divide 325?
True
Does 85 divide 885?
False
Does 19 divide 774?
False
Does 20 divide 27384?
False
Does 226 divide 18788?
False
Is 51 a factor of 49623?
True
Is 3 a factor of 375?
True
Is 23 a factor of 12523?
False
Does 15 divide 1860?
True
Is 5625 a multiple of 33?
False
Is 13875 a multiple of 11?
False
Is 12320 a multiple of 32?
True
Does 271 divide 45720?
False
Is 26469 a multiple of 51?
True
Is 1255 a multiple of 14?
False
Is 22 a factor of 37579?
False
Is 3766 a multiple of 166?
False
Does 3 divide 2622?
True
Is 11 a factor of 1672?
True
Is 8362 a multiple of 14?
False
Does 17 divide 2087?
False
Does 17 divide 3621?
True
Is 201 a multiple of 22?
False
Is 4 a factor of 376?
True
Does 131 divide 5790?
False
Is 66 a factor of 1413?
False
Does 38 divide 9462?
True
Is 10 a factor of 12204?
False
Is 1310 a multiple of 10?
True
Does 20 divide 3600?
True
Is 283 a multiple of 75?
False
Is 9 a factor of 161?
False
Is 30 a factor of 1230?
True
Does 54 divide 70539?
False
Does 31 divide 21352?
False
Is 7 a factor of 721?
True
Is 16 a factor of 12096?
True
Does 20 divide 145?
False
Does 10 divide 11817?
False
Is 45 a factor of 7965?
True
Is 46 a factor of 278?
False
Is 25 a factor of 349?
False
Is 61807 a multiple of 22?
False
Does 27 divide 1140?
False
Does 6 divide 120?
True
Is 16 a factor of 6992?
True
Is 32 a factor of 352?
True
Is 4515 a multiple of 7?
True
Does 15 divide 83115?
True
Does 123 divide 26887?
False
Is 169 a factor of 33619?
False
Is 18 a factor of 1656?
True
Is 4 a factor of 3723?
False
Is 6375 a multiple of 15?
True
Does 14 divide 11847?
False
Is 8 a factor of 67?
False
Is 11 a factor of 136?
False
Is 115 a factor of 17033?
False
Does 8 divide 211?
False
Does 23 divide 2653?
False
Is 24187 a multiple of 26?
False
Is 60 a multiple of 10?
True
Is 2 a factor of 830?
True
Does 10 divide 532?
False
Is 155 a factor of 10254?
False
Does 2 divide 914?
True
Does 99 divide 990?
True
Does 27 divide 513?
True
Is 16 a factor of 362?
False
Does 7 divide 29184?
False
Is 2 a factor of 51?
False
Does 18 divide 9060?
False
Is 21840 a multiple of 11?
False
Does 97 divide 4268?
True
Is 1295 a multiple of 35?
True
Is 19 a factor of 171?
True
Is 16 a factor of 26268?
False
Does 81 divide 2113?
False
Is 6254 a multiple of 29?
False
Is 16 a factor of 1648?
True
Is 19 a factor of 9519?
True
Is 28 a factor of 4046?
False
Is 350 a multiple of 35?
True
Is 2854 a multiple of 2?
True
Does 87 divide 4631?
False
Is 19 a factor of 19697?
False
Is 5291 a multiple of 45?
False
Does 17 divide 266?
False
Is 546 a multiple of 5?
False
Does 6 divide 133?
False
Is 76 a factor of 5969?
False
Does 9 divide 1902?
False
Is 8 a factor of 16?
True
Is 1428 a multiple of 23?
False
Is 37 a factor of 643?
False
Is 6 a factor of 7745?
False
Is 867 a multiple of 44?
False
Is 24 a factor of 30657?
False
Does 4 divide 822?
False
Does 17 divide 4044?
False
Is 16 a factor of 10928?
True
Is 5824 a multiple of 16?
True
Is 25 a factor of 869?
False
Is 2507 a multiple of 55?
False
Does 11 divide 13091?
False
Does 53 divide 2805?
False
Is 11 a factor of 352?
True
Does 48 divide 117360?
True
Does 335 divide 84420?
True
Is 560 a multiple of 61?
False
Is 7658 a multiple of 23?
False
Is 67 a factor of 1232?
False
Does 57 divide 6897?
True
Is 50 a factor of 1800?
True
Does 16 divide 6320?
True
Is 70712 a multiple of 296?
False
Is 36 a factor of 112?
False
Does 16 divide 2528?
True
Is 8 a factor of 3838?
False
Is 52 a factor of 988?
True
Is 37 a factor of 4756?
False
Is 66 a multiple of 2?
True
Is 378 a multiple of 12?
False
Does 65 divide 34450?
True
Does 35 divide 2835?
True
Is 506 a multiple of 9?
False
Is 60480 a multiple of 18?
True
Does 3 divide 11895?
True
Is 27 a factor of 50446?
False
Is 112056 a multiple of 23?
True
Does 10 divide 420?
True
Is 3552 a multiple of 37?
True
Does 44 divide 484?
True
Is 1094 a multiple of 11?
False
Is 53 a factor of 10553?
False
Is 6 a factor of 29424?
True
Is 347 a multiple of 11?
False
Is 153 a factor of 25092?
True
Is 39 a factor of 1265?
False
Is 991 a multiple of 10?
False
Is 836 a multiple of 22?
True
Does 3 divide 159?
True
Does 58 divide 3724?
False
Is 1653 a multiple of 87?
True
Does 49 divide 492?
False
Does 2 divide 273?
False
Is 24 a multiple of 6?
True
Is 459 a multiple of 10?
False
Is 3173 a multiple of 5?
False
Does 8 divide 56?
True
Is 105 a factor of 58800?
True
Is 90 a factor of 720?
True
Is 12 a factor of 204?
True
Is 310 a factor of 53683?
False
Is 1268 a multiple of 11?
False
Is 96 a factor of 17856?
True
Is 39244 a multiple of 15?
False
Does 14 divide 11117?
False
Does 10 divide 332?
False
Does 9 divide 1404?
True
Is 16599 a multiple of 125?
False
Is 324 a multiple of 36?
True
Does 56 divide 840?
True
Doe